{"id":17,"date":"2021-05-08T06:43:38","date_gmt":"2021-05-08T06:43:38","guid":{"rendered":"http:\/\/z.commonsupport.com\/zemen\/?page_id=17"},"modified":"2025-11-09T11:24:04","modified_gmt":"2025-11-09T11:24:04","slug":"pocetna","status":"publish","type":"page","link":"https:\/\/oi-benkovac.hr\/","title":{"rendered":"Pocetna"},"content":{"rendered":"\t\t<div data-elementor-type=\"wp-page\" data-elementor-id=\"17\" class=\"elementor elementor-17\">\n\t\t\t\t\t\t<section class=\"elementor-section elementor-top-section elementor-element elementor-element-438230bc elementor-section-full_width elementor-section-height-default elementor-section-height-default\" data-id=\"438230bc\" data-element_type=\"section\">\n\t\t\t\t\t\t<div class=\"elementor-container elementor-column-gap-no\">\n\t\t\t\t\t<div class=\"elementor-column elementor-col-100 elementor-top-column elementor-element elementor-element-34802735\" data-id=\"34802735\" data-element_type=\"column\">\n\t\t\t<div class=\"elementor-widget-wrap elementor-element-populated\">\n\t\t\t\t\t\t<div class=\"elementor-element elementor-element-6bd4670b elementor-widget elementor-widget-zemen_h2_slider\" data-id=\"6bd4670b\" data-element_type=\"widget\" data-widget_type=\"zemen_h2_slider.default\">\n\t\t\t\t<div class=\"elementor-widget-container\">\n\t\t\t\t\t        \n\n     <script>\n jQuery(document).ready(function($) {\n\n\/\/put the js code under this line \n\n\tif ($(\".main-slider-carousel\").length) {\n\t\t$(\".main-slider-carousel\").owlCarousel({\n\t\t\tloop:true,\n\t\t\tmargin:0,\n\t\t\tnav:true,\n\t\t\tautoHeight: true,\n\t\t\tsmartSpeed: 500,\n\t\t\tautoplay: 6000,\n\t\t\tresponsive:{\n\t\t\t\t0:{\n\t\t\t\t\titems:1\n\t\t\t\t},\n\t\t\t\t600:{\n\t\t\t\t\titems:1\n\t\t\t\t},\n\t\t\t\t800:{\n\t\t\t\t\titems:1\n\t\t\t\t},\n\t\t\t\t1024:{\n\t\t\t\t\titems:1\n\t\t\t\t},\n\t\t\t\t1200:{\n\t\t\t\t\titems:1\n\t\t\t\t}\n\t\t\t}\n\t\t});    \t\t\n\t}\n\n\/\/put the code above the line \n\n  });\n<\/script>\t\t\n\t\t<section class=\"main-slider \">\n\t\t\t<div class=\"main-slider-carousel owl-carousel owl-theme\">\n\t\t\t\t\t\t\t\t\t\t\t\t<div class=\"slide\" style=\"background-image:url(https:\/\/oi-benkovac.hr\/wp-content\/uploads\/2025\/10\/solar1-1.jpg)\">\n\t\t\t\t\t<div class=\"auto-container\">\n\t\t\t\t\t\t<div class=\"content centered\">\n\t\t\t\t\t\t\t<div class=\"title\">Solar na krovu \u2014 trajno ni\u017ei ra\u010duni<\/div>\n\t\t\t\t\t\t\t<h2 class=\"alternate\">Ugradnjom vlastite solarne mikroelektrane na krovu smanjujete ra\u010dun za struju ve\u0107 od prvog dana. <\/h2>\n\t\t\t\t\t\t\t\t\t\t\t\t\t<\/div>\n\t\t\t\t\t<\/div>\n\t\t\t\t<\/div>\n\t\t\t\t\t\t\t\t\t\t\t\t\n\t\t\t<\/div>\n\t\t<\/section>\n             \n\t\t\t\t\t\t<\/div>\n\t\t\t\t<\/div>\n\t\t\t\t\t<\/div>\n\t\t<\/div>\n\t\t\t\t\t<\/div>\n\t\t<\/section>\n\t\t<div class=\"elementor-element elementor-element-d84648d e-flex e-con-boxed e-con e-parent\" data-id=\"d84648d\" data-element_type=\"container\">\n\t\t\t\t\t<div class=\"e-con-inner\">\n\t\t\t\t<div class=\"elementor-element elementor-element-3fb723c elementor-widget elementor-widget-heading\" data-id=\"3fb723c\" data-element_type=\"widget\" data-widget_type=\"heading.default\">\n\t\t\t\t\t<h2 class=\"elementor-heading-title elementor-size-default\">Novosti<\/h2>\t\t\t\t<\/div>\n\t\t\t\t\t<\/div>\n\t\t\t\t<\/div>\n\t\t<div class=\"elementor-element elementor-element-7fef2b78 e-flex e-con-boxed e-con e-parent\" data-id=\"7fef2b78\" data-element_type=\"container\">\n\t\t\t\t\t<div class=\"e-con-inner\">\n\t\t\t\t<div class=\"elementor-element elementor-element-4efc1b4 elementor-widget elementor-widget-elementskit-blog-posts\" data-id=\"4efc1b4\" data-element_type=\"widget\" data-widget_type=\"elementskit-blog-posts.default\">\n\t\t\t\t\t<div class=\"ekit-wid-con\" >        <div id=\"post-items--4efc1b4\" class=\"row post-items\">\n                    <div class=\"col-md-12\">\n\n                                    <div class=\"elementskit-blog-block-post\">\n                        <div class=\"row no-gutters\">\n                            \n                            <div class=\"col-md-12 order-2\">\n                                <div class=\"elementskit-post-body \">\n                                    <div class=\"elementskit-entry-header\">\n                                        \n                                                                                            \t\t\t\t\t                                            \n                                            \n                                                                                            \t\t\t\t<h2 class=\"entry-title\">\n\t\t\t\t\t<a href=\"https:\/\/oi-benkovac.hr\/?p=3728\">\n\t\t\t\t\t\tNATJE\u010cAJ ZA ZAPO\u0160LJAVANJE &#8211; Administrativnog referenta\/ice\t\t\t\t\t<\/a>\n\t\t\t\t<\/h2>\n\t\t\t                                                                                <\/div><!-- .elementskit-entry-header END -->\n\n                                                                            <div class=\"elementskit-post-footer\">\n                                                                                            <p>Natje\u010daj vrijedi od 12.12.2025. do 22.12.2025.<\/p>\n                                                                                                                                <\/div><!-- .elementskit-post-footer END -->\n                                                                    <\/div><!-- .elementskit-post-body END -->\n                            <\/div>\n                        <\/div>\n                    <\/div><!-- .elementskit-blog-block-post .radius .gradient-bg END -->\n                \n            <\/div>\n                    <div class=\"col-md-12\">\n\n                                    <div class=\"elementskit-blog-block-post\">\n                        <div class=\"row no-gutters\">\n                            \n                            <div class=\"col-md-12 order-2\">\n                                <div class=\"elementskit-post-body \">\n                                    <div class=\"elementskit-entry-header\">\n                                        \n                                                                                            \t\t\t\t\t                                            \n                                            \n                                                                                            \t\t\t\t<h2 class=\"entry-title\">\n\t\t\t\t\t<a href=\"https:\/\/oi-benkovac.hr\/?p=3506\">\n\t\t\t\t\t\tNatje\u010daj za administrativno-ra\u010dunovodstveni referent\/ica\t\t\t\t\t<\/a>\n\t\t\t\t<\/h2>\n\t\t\t                                                                                <\/div><!-- .elementskit-entry-header END -->\n\n                                                                            <div class=\"elementskit-post-footer\">\n                                                                                            <p>Natje\u010daj vrijedi od 14.10.2025. do 22.10.2025.<\/p>\n                                                                                                                                <\/div><!-- .elementskit-post-footer END -->\n                                                                    <\/div><!-- .elementskit-post-body END -->\n                            <\/div>\n                        <\/div>\n                    <\/div><!-- .elementskit-blog-block-post .radius .gradient-bg END -->\n                \n            <\/div>\n                <\/div>\n       <\/div>\t\t\t\t<\/div>\n\t\t\t\t\t<\/div>\n\t\t\t\t<\/div>\n\t\t\t\t<\/div>\n\t\t","protected":false},"excerpt":{"rendered":"<p>Solar na krovu \u2014 trajno ni\u017ei ra\u010duni Ugradnjom vlastite solarne mikroelektrane na krovu smanjujete ra\u010dun za struju ve\u0107 od prvog dana. Novosti Natje\u010daj za administrativno-ra\u010dunovodstveni referent\/ica Natje\u010daj vrijedi od 14.10.2025. do 22.10.2025.<\/p>\n","protected":false},"author":1,"featured_media":0,"parent":0,"menu_order":0,"comment_status":"closed","ping_status":"closed","template":"tpl-default-elementor.php","meta":{"footnotes":""},"class_list":["post-17","page","type-page","status-publish","hentry"],"_links":{"self":[{"href":"https:\/\/oi-benkovac.hr\/index.php?rest_route=\/wp\/v2\/pages\/17","targetHints":{"allow":["GET"]}}],"collection":[{"href":"https:\/\/oi-benkovac.hr\/index.php?rest_route=\/wp\/v2\/pages"}],"about":[{"href":"https:\/\/oi-benkovac.hr\/index.php?rest_route=\/wp\/v2\/types\/page"}],"author":[{"embeddable":true,"href":"https:\/\/oi-benkovac.hr\/index.php?rest_route=\/wp\/v2\/users\/1"}],"replies":[{"embeddable":true,"href":"https:\/\/oi-benkovac.hr\/index.php?rest_route=%2Fwp%2Fv2%2Fcomments&post=17"}],"version-history":[{"count":17,"href":"https:\/\/oi-benkovac.hr\/index.php?rest_route=\/wp\/v2\/pages\/17\/revisions"}],"predecessor-version":[{"id":3693,"href":"https:\/\/oi-benkovac.hr\/index.php?rest_route=\/wp\/v2\/pages\/17\/revisions\/3693"}],"wp:attachment":[{"href":"https:\/\/oi-benkovac.hr\/index.php?rest_route=%2Fwp%2Fv2%2Fmedia&parent=17"}],"curies":[{"name":"wp","href":"https:\/\/api.w.org\/{rel}","templated":true}]}}